8 and y.
12
Let s be 28/3 + 6/9. Suppose -2*d + 5*d - 12 = 0. Suppose -4*a + 432 = 2*c, -428 = -d*a - c - 2*c. Calculate the highest common factor of s and a.
10
Let a = -45 + 65. Let d be (2 - 3)*-139 + 1. What is the greatest common divisor of a and d?
20
Let h(a) be the third derivative of a**5/60 - a**4/6 - 4*a**2. Let v be h(10). Calculate the greatest common divisor of v and 24.
12
Let q be 5/6 - (-3)/18. Let c be (77 - (q - 1))/1. Calculate the greatest common divisor of 11 and c.
11
Let y be 6*(2 + (-11)/6). Let x be ((-30)/7)/(y/(-21)). What is the highest common factor of x and 18?
18
Suppose 4*c + 91 = 5*b, c - 77 = -4*b - 21. What is the highest common divisor of 120 and b?
15
Suppose 990 = -r + 11*r. Calculate the greatest common divisor of r and 66.
33
Let q(t) = 2*t**2 - 7*t + 1. Let w be q(5). Suppose w = 3*n - 20. What is the greatest common factor of n and 60?
12
Let v = 52 - -6. What is the greatest common divisor of 638 and v?
58
Suppose 101 = y + k - 5*k, 3*y + 4*k = 239. Let b = y + -13. What is the highest common factor of b and 8?
8
Let b = -9 + 16. Let v(d) = 3*d. Let c be v(b). Suppose c + 15 = 2*r. What is the greatest common divisor of 2 and r?
2
Let g = -5 + -3. Let f(s) = -3*s - 9. Let w be f(g). Suppose -3*c - 3*j = j + 1, -4*c + j = -24. What is the greatest common factor of c and w?
5
Suppose -2*o - 2*y = -50, o = -0*o - 5*y + 45. Suppose 302 = 5*x - 498. What is the greatest common factor of o and x?
20
Let q(a) = a**3 - 6*a**2 - 8*a. Let b be q(7). Let h = 1 - b. Suppose -m = -1 - h. What is the highest common divisor of m and 81?
9
Suppose -105 = f - 4*c + 7*c, -2*f - 180 = -4*c. Let q = f + 159. Suppose 3*h - 11 = 5*r + 20, 5*h + 5*r = 25. What is the highest common divisor of q and h?
7
Let x be 6/9*(-2 - 4). Let n be (-6 - 0)*x/12. What is the highest common divisor of n and 4?
2
Suppose -5*f + 2 + 8 = 0. Suppose -3*o + 3 = 4*c - 25, -2*o = -2*c. What is the highest common divisor of c and f?
2
Let o(h) = 492*h**2 - h + 1. Let d be o(1). Let w = -212 + d. Suppose -6*p + w = -2*p. Calculate the highest common divisor of p and 10.
10
Let j(n) = -n**3 - 9*n**2 - 9*n - 6. Let v be j(-8). Suppose -2*x + 3*x = t, -2*t - v*x = -12. What is the highest common divisor of t and 9?
3
Suppose 4*r = -15 + 59. Suppose -8*l + 5 = -3*l. What is the highest common factor of r and l?
1
Suppose -2*l - 6 = -5*z, -7*z + 3*z + 10 = l. Calculate the highest common divisor of z and 4.
2
Let z(h) = 13*h. Let i be z(1). What is the greatest common factor of i and 429?
13
Let b(r) = -r + r**3 + 5 + 3*r + 0*r - 11*r**2 + 8*r. Let l be b(10). Suppose 3*i = 41 - l. What is the greatest common factor of 12 and i?
12
Let w be 15/(-10)*(-25 - 1). What is the highest common divisor of w and 26?
13
Suppose 14*g - 126 = 42. What is the highest common divisor of 42 and g?
6
Suppose 3*t = -t + 8. Suppose -74 = -t*c - 2*r, 0*c - 5*c - 2*r = -194. Let s be -8*(1 + (-3 - -1)). What is the highest common factor of s and c?
8
Let u = 1 + 4. Suppose u*l = 4*a + a - 385, -5*l + 255 = 3*a. What is the highest common factor of 20 and a?
20
Let r(m) = -m**2 - 10*m - 8. Suppose 0 = u + 12 - 6. Let d be r(u). Let v(i) = 9*i**2 - i - 4. Let c be v(-3). Calculate the highest common factor of d and c.
16
Let p = -250 - -360. Let a be 12/15*p/4. What is the highest common factor of 2 and a?
2
Let d be (-228)/(-20) + (-4)/10. What is the highest common factor of d and 77?
11
Suppose -6*o + 22 = -14. What is the highest common divisor of 42 and o?
6
Let w = 51 - 34. Suppose -w = 3*u + 79. Let d be (-2)/(2 - u/(-14)). What is the highest common divisor of d and 7?
7
Suppose 0 = 4*h + h - 3*n - 781, -486 = -3*h - 4*n. Suppose -o - 4*o = 2*s - h, s + 2*o - 80 = 0. Let a = 32 - 20. What is the highest common factor of a and s?
12
Suppose -6*m = -7*m. Suppose m = h + h - 6. Suppose -h*o = 18 - 87. Calculate the highest common divisor of 161 and o.
23
Let b = -12 - -23. Calculate the highest common divisor of 55 and b.
11
Let x = 6 - 10. Let h be (54/8)/(x/(-48)). Calculate the greatest common divisor of h and 9.
9
Let t(u) = 2*u - 8. Let c be t(9). What is the greatest common divisor of c and 70?
10
Suppose -4*j + 5*f = -33, 0 = -f + 13 - 10. Let k = -3 - -9. Calculate the highest common factor of j and k.
6
Let x = 89 - 57. What is the highest common factor of 96 and x?
32
Let d = 2 + 0. Let y be (25 - -2)*1*d. Calculate the greatest common factor of y and 18.
18
Let a be 22 - -3*4/(-12). Calculate the greatest common divisor of 7 and a.
7
Let j(d) = 13*d**2 - d. Let w be j(1). Let g = 7 - 7. Let y be 11 + (-2 - (g - -1)). Calculate the highest common factor of w and y.
4
Let c(l) = -l**2 - 21*l - 89. Let q be c(-15). What is the highest common divisor of 7 and q?
1
Let z(j) = 0 + 2 - 5 + j**2 + 0. Let k be z(-3). What is the greatest common factor of k and 2?
2
Suppose 4*w - 3*i = 156, -i = 2*w + i - 64. Calculate the greatest common divisor of 90 and w.
18
Suppose -m = -1, 0 = 2*l - 0*l + 5*m - 13. Let f = 34 - l. What is the greatest common factor of f and 15?
15
Suppose 2*p - 2 = o, 3*o - 4*p + 3*p = -1. Suppose o = -2*f + 5*f - 72. Calculate the highest common divisor of 24 and f.
24
Let b be (-5)/(0 + (3 - 8/2)). Let d(r) = -r**2 + 7*r - 1. Let p be d(6). Calculate the highest common factor of p and b.
5
Let s be 22*2/(-4)*-4. Let o = -9 + 14. Suppose 84 - 29 = o*j. Calculate the highest common divisor of s and j.
11
Let b = 4 - -4. Let a be b/3 + (-12)/(-9). What is the highest common divisor of 2 and a?
2
Suppose -4*m + 12 = 0, 0*u = 5*u - m - 47. What is the greatest common divisor of u and 40?
10
Let u be (2/(-4) + 1)*4. Let x = 1 + u. Suppose 0 = -2*o - 3*o - 25, -4*w + 74 = 2*o. Calculate the greatest common divisor of w and x.
3
Let n be (-31)/8*-2*-4. Let a = n + 53. What is the greatest common divisor of 55 and a?
11
Let g = 25 + -7. Suppose 3*t - 21 = -3*r, 5*r = -2*t + g + 8. Suppose 0*p - d + 73 = t*p, 5*p - 140 = 2*d. Calculate the greatest common factor of p and 65.
13
Suppose -t + 11 = 5*u - 20, 0 = 3*u - 12. What is the highest common divisor of t and 1?
1
Suppose 5 - 25 = -5*q. Suppose -5*h - 3*f + 729 = 0, -3*h = q*f - 408 - 36. What is the greatest common divisor of h and 16?
16
Let n be 2 + (-2 + 5 - -40). Calculate the highest common factor of n and 9.
9
Let j be -14*(-9)/6 - -2. Suppose h = -x + 3, -h + 10 = -3*x + j. What is the greatest common divisor of 10 and x?
2
Let p(i) = i**2 + 11*i - 9. Let b be p(-12). Suppose -2*m = b*j - 140, 3*m + 3*j + 308 = 8*m. What is the highest common divisor of m and 8?
8
Let j(m) = -m**3 - 8*m**2 - 7*m. Let s be j(-7). Let b(q) = -q**2 + 4. Let n be b(s). Suppose 6 = n*y - 54. Calculate the highest common divisor of y and 60.
15
Suppose 0*y = 3*y - 5*x - 775, 0 = x + 5. Calculate the highest common divisor of y and 25.
25
Suppose 0 = 4*n - 8*n + 40. Let x(h) = -h**3 + 2. Let y be x(2). Let a(t) = -11*t + 4. Let l be a(y). Calculate the greatest common factor of n and l.
10
Let s = 4 + 8. What is the highest common factor of 18 and s?
6
Let j be 1/1 + 2 + -4. Let z be ((-35)/(-1) - j) + -3. What is the highest common factor of z and 22?
11
Let h(f) be the first derivative of 2*f**3/3 + 5*f**2/2 - 1. Let d be h(-6). Let g(x) = x + 31. Let z be g(-17). What is the greatest common factor of d and z?
14
Let o(b) = -b + 3. Let c be o(3). Suppose -3*h = 5*u - 262, c = 3*h + u - 4*u - 246. What is the greatest common divisor of 12 and h?
12
Suppose 3*t + 5*h + 2 = 13, 0 = 4*t - 4*h - 4. Let p(w) = 3*w**3 + w**2 - 2*w. Let i be p(t). Calculate the highest common factor of 8 and i.
8
Let u = 28 + -10. Let i = -9 + u. Suppose -l = -5*l + 396. Calculate the highest common factor of i and l.
9
Let m(h) = -h**3 - 11*h**2 - 9*h + 2. Let t be m(-10). Let d = 11 - t. Calculate the highest common factor of d and 76.
19
Let o(d) = -22*d + 12. Let i be o(-4). What is the greatest common divisor of i and 75?
25
Let i(u) be the second derivative of -u**4/6 + 2*u**3/3 + 5*u**2/2 + 3*u. Let t be i(-4). Let z = 7 - t. What is the highest common divisor of z and 20?
10
Suppose -52 = -7*s + 3*s. Let z = s - 6. What is the greatest common divisor of 49 and z?
7
Let l = 5 - 2. Suppose u + l*m = 15, -5*m = u + u - 28. Calcu